?
4
Let t = 14072 + -24302. What is the units digit of 8/(-6) - t/18?
7
Let b be ((-10)/(-7 + 12))/(3/(-21)). What is the hundreds digit of b + -11 + (-878)/(-1)?
8
Suppose 4808 - 16468 = 20*z. Let c = -540 - z. What is the tens digit of c?
4
Let d = -15222 - -24382. What is the thousands digit of d?
9
Let i(h) = 2361*h**2 - 11*h - 5. What is the thousands digit of i(-2)?
9
Let t(i) = i**2 + 14*i + 13. Let r be t(-13). What is the hundreds digit of 163 + (r/3)/(10 + -7)?
1
Let f = -147 - -690. Suppose m - 382 - f = 0. What is the tens digit of m?
2
What is the units digit of (10/4)/((-10)/(-41784))?
6
Let y = -189 + 274. Suppose 3*g + 2*g + 324 = -v, 5*v + 276 = -4*g. Let j = y + g. What is the units digit of j?
1
Let m(v) = 23*v - 4. Let a be m(-4). Suppose -4*g + 49 = -n, -3*n - n = -4*g + 52. What is the units digit of 2/g*100*a/(-10)?
0
Suppose -7*k + 21555 = -4002. What is the thousands digit of k?
3
Suppose 4*u = -8, 5*g - 710 = -0*g - 5*u. Let s(n) = -156*n + 9 + g*n + 1. What is the tens digit of s(-14)?
7
Let m(n) = 10*n + 11. Suppose 2*d + 197 = -5*a, -3*d = 2*a - 5*a - 114. Let r = 44 + a. What is the tens digit of m(r)?
6
Let l be (2 - 44)*(-4)/(-6)*-1. Let t be (-3)/(-12) - (-301)/l. Let x = 16 + t. What is the units digit of x?
7
Let a = 731 - 1032. Let u = a - -391. What is the units digit of u?
0
Suppose -16 = 1466*y - 1450*y. Let l(u) = 38*u + 4. Let r be l(-3). What is the units digit of (-5 - r/(-15))/(y/3)?
7
Let h = -723 + 723. Suppose h = 3*c + 2*o - 3974, 0 = c - 5*o - 0*o - 1302. What is the tens digit of c?
2
Let w(t) = -22*t - 90. Let i(m) = -m**3 + 12*m**2 + 27*m - 3. Let s be i(14). What is the tens digit of w(s)?
8
Suppose 17 = -5*w + 67. What is the hundreds digit of 189 - w*(-3)/(-6)?
1
Suppose -3*v + 40505 = 2*v - 5*q, 3*q = 2*v - 16205. What is the thousands digit of v?
8
Suppose -4*v = 2*q + v - 3860, 2*q = -v + 3860. What is the hundreds digit of q?
9
Suppose 0 = -8*m - 11*m + 26923. Let r = m + -907. What is the hundreds digit of r?
5
Suppose 7*l + 5*k - 40 = 2*l, -k = -l + 2. Suppose -6*h - 17 = -l. What is the tens digit of ((3 + -4)*h)/((-3)/(-24))?
1
Suppose 0 = -3*b + 535 - 4429. Let p = b - -1837. What is the units digit of p?
9
Let j = -7066 + 17467. What is the thousands digit of j?
0
Let r(b) = 3*b**2 + 11*b - 20. Let i be r(11). Suppose 0 = d - 8*s + 13*s - i, 5*d - 2416 = -s. What is the units digit of d?
4
Let x(c) = -506*c + 61. Let w(r) = 169*r - 21. Let t(d) = -11*w(d) - 4*x(d). What is the tens digit of t(1)?
5
Suppose 10*k - 55 = 5. Suppose 0 = 5*p - 2*d - 290, 4*p + 3*d + d = 204. Let u = k + p. What is the tens digit of u?
6
Suppose -l + 46 + 179 = 2*p, l - 3*p = 200. Suppose 208*v - l*v + 3654 = 0. What is the units digit of v?
2
Let h = -410 + 273. What is the hundreds digit of ((-10)/(-45) - 22/18)*h?
1
Let x = 107 - 99. Suppose -u = -9*r + x*r - 5, -2*r + 18 = 5*u. What is the hundreds digit of -2 - 0 - -219 - (3 - r)?
2
Suppose 53*l - 56*l + 1125 = 0. Let d = l - 211. What is the tens digit of d?
6
Suppose 5*r + 4*t - 120078 = 0, -37*t + 33*t = -3*r + 72098. What is the thousands digit of r?
4
Let z be (2*4/16 + 0)*0. Suppose z = -0*y - y + 5. Suppose -5*k = 2*o - 110, 3*o - k + y*k = 151. What is the tens digit of o?
4
Let k be (-1 - 5) + (4 - -5). Suppose 1319 - 419 = k*p. What is the hundreds digit of p?
3
Let o = 9741 - 933. What is the hundreds digit of o?
8
Let b(k) = 4*k**2 - 5*k - 2. Let q be b(2). Suppose v - 4 - 6 = -q*r, 0 = -3*v - 5*r + 2. What is the units digit of (-120)/10*88/v?
6
Let x(q) = q**2 - 133*q - 237. What is the units digit of x(-69)?
1
Let t(w) = -237 - 206 - 2*w + w**3 + 2*w**2 + 483. What is the units digit of t(7)?
7
Suppose 6*l - 5522 = 3*l - 4*r, 3*r - 15 = 0. What is the thousands digit of l?
1
Let f(w) = 2*w - 19. Let h be f(16). Let m(u) = -16 + 2*u**2 - h*u**3 - 18 + 35 + 3*u. What is the hundreds digit of m(-2)?
1
Let m(i) = -15*i**2 + 1490*i + 50. What is the thousands digit of m(56)?
6
Let m(v) = -2*v**2 + 50*v + 12. Let q be m(25). What is the hundreds digit of (-3112 + q)*4/(-10)?
2
Suppose -3*s + 200 = -13*s. Let i(a) = a**2 - 5*a + 67. What is the hundreds digit of i(s)?
5
Suppose -347*z + 13929 = -523574. What is the thousands digit of z?
1
What is the hundreds digit of 2804296/72 - 120/216?
9
Suppose -m + 25 = 2*p, 2*p - 5*m + 3*m - 22 = 0. What is the units digit of 5726/10 + 2 + p/30?
5
Let s(m) = 3*m**2 - 15*m - 10. Let x be s(7). Suppose -9*d = -d - x. What is the units digit of 0 + 98 + (d - (0 + 7))?
5
Let m(p) = -2*p**3 - 3*p**2 - 2*p - 40. Suppose 16*g - 21 = 19*g. What is the units digit of m(g)?
3
Let p be -3 - (-1 - -8)*-1. What is the units digit of (-15675)/(-225) - p/6?
9
Suppose 0 = y - 2*y - m + 163, -2*m = -5*y + 843. What is the hundreds digit of y + (7/(28/16))/2?
1
Suppose -9*j + 13*j = -16. What is the tens digit of 0 - j - (-1 - 214)?
1
Suppose -5*u - 4*h = -7*u - 8, h - 5 = u. Let z(v) = -v**3 - 7*v**2 - 16*v - 13. What is the tens digit of z(u)?
4
Suppose -40*r + 5*q = -36*r - 159190, r - 5*q - 39790 = 0. What is the hundreds digit of r?
8
Suppose 79*k = 76*k - 72. What is the hundreds digit of (k/14)/(14/(-3479)) + -5?
4
Suppose 11*x = 1202 + 1889. What is the tens digit of x?
8
Let s(u) = -409*u**3 - 12*u**2 + 17*u + 50. What is the hundreds digit of s(-4)?
9
Let w(c) be the first derivative of -7/2*c**2 - 38 + 13*c. What is the tens digit of w(-4)?
4
Let b = -10360 - -22530. What is the ten thousands digit of b?
1
Let w(l) be the first derivative of 7*l**4/4 - 151*l**3/3 - 9*l**2/2 - 3*l - 173. What is the hundreds digit of w(22)?
2
What is the tens digit of 21/(-3) - (-5 - 3 - 4118)?
1
Let y = -31 + 35. Let j(t) = -t**2 + 3*t + 11. Let b be j(y). Suppose -717 + 2033 = b*g. What is the units digit of g?
8
Let v(s) = -29*s + 308. Let j be v(11). What is the thousands digit of (-3466)/(-7 + (-6 - j))?
1
Suppose -9081 - 11459 = -13*f + 13546. What is the units digit of f?
2
Let j(f) = 47*f**2 - 27*f + 238. What is the units digit of j(16)?
8
Let i = 393 - 258. Let p = -713 + 717. Suppose -p*y = y - i. What is the tens digit of y?
2
Suppose -6*t = -9*t - 12, -t - 109 = 5*w. Let a(j) = -73*j + 171. What is the hundreds digit of a(w)?
7
Suppose 2700 = 3*f - 4*q, -f = 5*q - 7*q - 898. Let g = -353 + f. What is the tens digit of g?
5
Suppose 5*s - 33 = 32. Let d be (-126)/(-4) - (s/2 - 5). Suppose 3*k - 4*i - 147 = 0, -4*k = -3*k + 5*i - d. What is the units digit of k?
5
Let d = 333 - 325. What is the hundreds digit of (-4325)/(-10)*d/10?
3
Suppose 11*l - 363 = 1221. Suppose -143*t = -l*t + 424. What is the tens digit of t?
2
Suppose 5*i = 5865 - 40. Suppose 4*w - 2*q - i = -3*q, 2*w = -q + 581. What is the hundreds digit of w?
2
Let n = -2357 + 2361. Let o be 2 - (-5)/((-10)/(-1596)). Suppose -n*j + 12*j = o. What is the hundreds digit of j?
1
Suppose -4*z - 2*j + 7 + 3 = 0, -j + 5 = 4*z. What is the hundreds digit of 2697/15 - 3/(-15 - z)?
1
Suppose -5*i - 106 + 91 = 0, 0 = -5*x - 3*i + 132696. What is the thousands digit of x?
6
Let s be 3/2*(-154)/(-11). Suppose x + 3*c + 9 = 0, -c + 15 = -2*x - 6*c. Suppose -n + 21 = 3*j, -j = -x*n - n + s. What is the units digit of n?
1
Suppose -1620 = 39*q - 48*q. What is the units digit of q*(-22)/(-33)*(-16)/(-3)?
0
Suppose 6*u = -5713 + 13921. What is the thousands digit of u?
1
Let h be (22/(-4))/((-14)/28). Suppose 9*p + 1570 = h*p. What is the tens digit of p?
8
Suppose 3*y = -3*h + 31782, -95*h + 92*h + 31806 = -3*y. What is the tens digit of h?
9
Let l(n) = -4*n**2 - 137*n - 96. What is the tens digit of l(-33)?
6
Let u = -1 + 5. Suppose -u*s + 9*s = 15. Suppose 5*l = 0, -2*k + 635 = s*k + 3*l. What is the units digit of k?
7
Let i be ((-474)/(-8))/(6/8). Suppose 3*c = z + i + 36, -z = -4*c + 118. Let f = 226 + z. What is the hundreds digit of f?
1
What is the units digit of (24/16)/(-2*21/28) + 50811?
0
Let r(y) = -3*y**3 + 5*y + 12. Let l be 4/5 + (392/(-40) - -4). What is the tens digit of r(l)?
6
Suppose 0 = -26*z + 2007 + 6521. Suppose -q + 1050 = z. What is the units digit of q?
2
Let x(f) = 5*f**2 + 14*f - 22. Let a be (0 - 3)/(5/(20 - 5)). What is the hundreds digit of x(a)?
2
Let r = -1144 + 1079. Let l(k) = -2*k**3 - 3*k**2 - k + 1. Let m be l(-2). Let j = 